hat are the prime factors of 851362065?
3, 5, 71, 79, 3373
List the prime factors of 7475002523.
4111, 1818293
List the prime factors of 569304474.
2, 3, 563, 168533
List the prime factors of 2062192853.
7, 79, 127, 29363
List the prime factors of 1365405121.
331, 809, 5099
List the prime factors of 230664689.
59, 103, 37957
What are the prime factors of 1442682573?
3, 59, 1117, 7297
List the prime factors of 1143181287.
3, 151, 841193
List the prime factors of 912141843.
3, 23, 29, 43, 10601
What are the prime factors of 1728466868?
2, 541, 798737
What are the prime factors of 322650179?
167, 1932037
What are the prime factors of 109801192?
2, 29, 317, 1493
List the prime factors of 5230665135.
3, 5, 19, 53, 115429
What are the prime factors of 74488963?
761, 97883
What are the prime factors of 1543970996?
2, 31, 521, 23899
What are the prime factors of 76206705?
3, 5, 23, 220889
List the prime factors of 169781552.
2, 167, 63541
List the prime factors of 73987680.
2, 3, 5, 13, 71, 167
What are the prime factors of 8665443?
3, 421, 2287
List the prime factors of 272156696.
2, 7, 47, 53, 1951
List the prime factors of 2692311423.
3, 59, 107, 142157
List the prime factors of 218971691.
227, 359, 2687
What are the prime factors of 146911939?
146911939
List the prime factors of 1413977256.
2, 3, 23, 43, 6619
List the prime factors of 1124066662.
2, 14869, 37799
What are the prime factors of 853686978?
2, 3, 29, 4906247
What are the prime factors of 2941245016?
2, 17389, 21143
What are the prime factors of 74266181?
11, 157, 43003
What are the prime factors of 716678324?
2, 179169581
What are the prime factors of 28375131?
3, 9458377
What are the prime factors of 62605201?
199, 314599
List the prime factors of 840600293.
13, 29, 727, 3067
List the prime factors of 136620372.
2, 3, 7, 1626433
List the prime factors of 153089317.
153089317
What are the prime factors of 674612832?
2, 3, 53, 132589
What are the prime factors of 28647229?
13, 2203633
What are the prime factors of 34158161?
787, 43403
What are the prime factors of 7700513380?
2, 5, 7, 55003667
What are the prime factors of 12576077?
83, 277, 547
What are the prime factors of 42194208?
2, 3, 7, 37, 1697
What are the prime factors of 6790776292?
2, 1697, 1000409
List the prime factors of 140099507.
140099507
List the prime factors of 15429211.
7, 2204173
List the prime factors of 89711260.
2, 5, 2099, 2137
What are the prime factors of 1337632589?
1337632589
List the prime factors of 20767677.
3, 7, 988937
List the prime factors of 96300415.
5, 31, 47, 13219
List the prime factors of 178047790.
2, 5, 17804779
What are the prime factors of 265249099?
265249099
What are the prime factors of 42177439?
42177439
List the prime factors of 1039537074.
2, 3, 29, 31, 439
List the prime factors of 339700614.
2, 3, 11, 1447, 3557
What are the prime factors of 86808008?
2, 7, 71, 3119
What are the prime factors of 13524075?
3, 5, 60107
List the prime factors of 124287865.
5, 13, 1912121
List the prime factors of 34531591.
34531591
List the prime factors of 43741912.
2, 5467739
List the prime factors of 1101464460.
2, 3, 5, 563, 3623
What are the prime factors of 7103899652?
2, 4817, 368689
What are the prime factors of 647797260?
2, 3, 5, 11, 107, 9173
List the prime factors of 146801404.
2, 353, 103967
List the prime factors of 208517708.
2, 7, 7447061
List the prime factors of 1619801953.
7, 11, 53, 36083
List the prime factors of 102551879.
9437, 10867
List the prime factors of 62683672.
2, 7835459
List the prime factors of 52249831.
52249831
What are the prime factors of 61154098?
2, 29, 1054381
List the prime factors of 82287224.
2, 47, 218849
List the prime factors of 205318847.
199, 1031753
List the prime factors of 453516622.
2, 13, 23, 37, 103, 199
What are the prime factors of 510942876?
2, 3, 3929, 10837
What are the prime factors of 349549277?
7, 11, 139, 2969
List the prime factors of 244526046.
2, 3, 619, 65839
What are the prime factors of 73190047?
7, 10455721
What are the prime factors of 2369286517?
13, 182252809
List the prime factors of 1866820517.
1866820517
List the prime factors of 58776571.
7, 43, 195271
List the prime factors of 335546219.
335546219
List the prime factors of 809847129.
3, 7, 13, 41, 72353
List the prime factors of 45105349.
1097, 41117
What are the prime factors of 2816626810?
2, 5, 17, 47, 61, 5779
List the prime factors of 67641223.
13, 5203171
List the prime factors of 499598523.
3, 2055961
List the prime factors of 46031106.
2, 3, 11, 697441
What are the prime factors of 519574298?
2, 17, 1423, 10739
What are the prime factors of 21145139?
347, 60937
List the prime factors of 147182680.
2, 5, 3679567
What are the prime factors of 270680463?
3, 109, 275923
What are the prime factors of 57380255?
5, 11476051
List the prime factors of 27296936.
2, 3412117
List the prime factors of 1463003407.
743, 1969049
What are the prime factors of 167508780?
2, 3, 5, 41, 149, 457
What are the prime factors of 113719284?
2, 3, 7, 31, 14557
List the prime factors of 1347470622.
2, 3, 53, 743, 1901
What are the prime factors of 240490305?
3, 5, 11, 47, 10337
List the prime factors of 1962937795.
5, 7, 13, 616307
What are the prime factors of 2052006942?
2, 3, 342001157
What are the prime factors of 3607991160?
2, 3, 5, 30066593
List the prime factors of 131878378.
2, 67, 984167
List the prime factors of 1375992793.
7, 251, 783149
What are the prime factors of 1811650468?
2, 61, 7424797
List the prime factors of 16407380.
2, 5, 11, 17, 41, 107
What are the prime factors of 1973240655?
3, 5, 131549377
List the prime factors of 284286574.
2, 11, 13, 997
What are the prime factors of 37255954?
2, 97, 181, 1061
What are the prime factors of 2287698937?
37, 1671073
List the prime factors of 2027972207.
40697, 49831
List the prime factors of 166689342.
2, 3, 163, 56813
List the prime factors of 313164652.
2, 433, 180811
List the prime factors of 3929272090.
2, 5, 392927209
List the prime factors of 29202406.
2, 14601203
What are the prime factors of 5529586656?
2, 3, 11, 37, 97, 1459
List the prime factors of 117722761.
13, 467, 19391
List the prime factors of 138951990.
2, 3, 5, 514637
List the prime factors of 24805105.
5, 13, 359, 1063
List the prime factors of 8492270.
2, 5, 263, 3229
What are the prime factors of 52382218?
2, 7, 3741587
What are the prime factors of 1219752014?
2, 13, 46913539
List the prime factors of 55713299.
1787, 31177
List the prime factors of 16756978.
2, 7, 1196927
List the prime factors of 869140738.
2, 31, 14018399
List the prime factors of 83312135.
5, 16662427
List the prime factors of 51715364.
2, 12928841
What are the prime factors of 2212670070?
2, 3, 5, 13, 1891171
What are the prime factors of 106564114?
2, 1297, 41081
List the prime factors of 91166057.
263, 346639
What are the prime factors of 576450521?
83, 103, 67429
What are the prime factors of 290320901?
13, 199, 112223
What are the prime factors of 630864271?
17, 509, 72907
What are the prime factors of 76604145?
3, 5, 23, 222041
List the prime factors of 2855029997.
17, 23, 499, 14633
List the prime factors of 5818840051.
211, 27577441
What are the prime factors of 1799949081?
3, 7, 8819, 9719
What are the prime factors of 1293545917?
113, 137, 83557
What are the prime factors of 1549413996?
2, 3, 13, 9932141
List the prime factors of 1702105902.
2, 3, 7, 31, 14057
What are the prime factors of 14508397?
2389, 6073
What are the prime factors of 3896454453?
3, 14221, 91331
What are the prime factors of 315564276?
2, 3, 4931, 5333
What are the prime factors of 139078870?
2, 5, 7, 17, 73, 1601
List the prime factors of 20622781.
31, 665251
List the prime factors of 11666601.
3, 59, 127, 173
What are the prime factors of 29256139?
11, 367, 7247
List the prime factors of 187253119.
853, 219523
List the prime factors of 1966443785.
5, 617, 637421
What are the prime factors of 2105902311?
3, 41, 83, 206279
List the prime factors of 6135358564.
2, 103, 14891647
What are the prime factors of 45393520?
2, 5, 647, 877
List the prime factors of 301011176.
2, 41, 97, 9461
List the prime factors of 2603365083.
3, 11, 8765539
What are the prime factors of 155786194?
2, 1129, 68993
List the pri